{"id":281,"date":"2024-03-27T09:18:38","date_gmt":"2024-03-27T08:18:38","guid":{"rendered":"https:\/\/www.sace.fr\/?page_id=281"},"modified":"2025-11-27T10:10:39","modified_gmt":"2025-11-27T09:10:39","slug":"point-lecture","status":"publish","type":"page","link":"https:\/\/www.sace.fr\/index.php\/la-vie-communale\/culture-associations\/point-lecture\/","title":{"rendered":"Point lecture et ludoth\u00e8que"},"content":{"rendered":"\n<figure class=\"wp-block-image size-large is-resized\"><img loading=\"lazy\" decoding=\"async\" width=\"1024\" height=\"768\" src=\"https:\/\/www.sace.fr\/wp-content\/uploads\/2025\/11\/pointlecture1-1024x768.jpg\" alt=\"\" class=\"wp-image-938\" style=\"width:521px;height:auto\" srcset=\"https:\/\/www.sace.fr\/wp-content\/uploads\/2025\/11\/pointlecture1-1024x768.jpg 1024w, https:\/\/www.sace.fr\/wp-content\/uploads\/2025\/11\/pointlecture1-300x225.jpg 300w, https:\/\/www.sace.fr\/wp-content\/uploads\/2025\/11\/pointlecture1-768x576.jpg 768w, https:\/\/www.sace.fr\/wp-content\/uploads\/2025\/11\/pointlecture1-1536x1152.jpg 1536w, https:\/\/www.sace.fr\/wp-content\/uploads\/2025\/11\/pointlecture1.jpg 2016w\" sizes=\"auto, (max-width: 1024px) 100vw, 1024px\" \/><\/figure>\n\n\n\n<p>Situ\u00e9 au 14 place de l\u2019\u00e9glise, le point-lecture est ouvert au public tous les vendredis, en p\u00e9riode scolaire, de 16h30 \u00e0 18h30. Les classes de l\u2019\u00e9cole sont accueillies entre 15h30 et 16h30.<\/p>\n\n\n\n<p>La biblioth\u00e8que se compose de deux espaces au rez-de-chauss\u00e9e. Le premier, r\u00e9serv\u00e9 aux adultes, vous propose romans, documentaires ainsi que bandes dessin\u00e9es et romans graphiques. La seconde salle, r\u00e9serv\u00e9e aux enfants, permet d\u2019emprunter albums de jeunesse, bandes dessin\u00e9es, romans, documentaires ainsi que des jeux, provenant de la ludoth\u00e8que.<\/p>\n\n\n\n<p>Tout au long de l\u2019ann\u00e9e, des animations \u00ab&nbsp;Raconte-moi des histoires \u00e0 Sac\u00e9&nbsp;\u00bb sont propos\u00e9es aux enfants et leurs parents, le samedi matin. Deux \u00e0 trois fois dans l\u2019ann\u00e9e, une rencontre \u00ab&nbsp;Coup de c\u0153ur \u00bb est propos\u00e9e aux adultes. L\u2019id\u00e9e est simple, partager vos lecture-plaisir. Autour d\u2019un caf\u00e9 ou d\u2019un th\u00e9, avec une part de g\u00e2teau, c\u2019est un moment convivial qui favorise les rencontres et les surprises litt\u00e9raires.&nbsp;L\u2019\u00e9quipe de la m\u00e9diath\u00e8que Jean-Loup Trassard, de Mayenne, propose \u00e9galement quelques rendez-vous lecture et jeux.<\/p>\n\n\n\n<h2 class=\"wp-block-heading\">Pour s&rsquo;inscrire<\/h2>\n\n\n\n<p>Pour pouvoir emprunter des documents ainsi que des jeux, vous devez vous inscrire dans l\u2019une des biblioth\u00e8ques de Mayenne Communaut\u00e9. Une carte d\u2019abonnement personnelle vous est remise, valable un an dans toutes les biblioth\u00e8ques du r\u00e9seau. L\u2019abonnement pour les particuliers est gratuit. Pour vous abonner, il suffit de pr\u00e9senter :<br>1. Une pi\u00e8ce d\u2019identit\u00e9 valide<br>2. Un justificatif de domicile de l\u2019ann\u00e9e en cours<br>3. Une fiche de renseignements remplie (par les parents ou le repr\u00e9sentant l\u00e9gal pour les mineurs)<\/p>\n\n\n\n<h2 class=\"wp-block-heading\">Les horaires et les animations<\/h2>\n\n\n\n<p><strong>Chaque vendredi<\/strong> :<\/p>\n\n\n\n<p>Accueil scolaire <strong>de 15h30 \u00e0 16h30 \/ <\/strong>Accueil grand public<strong> de 16h30 \u00e0 18h30<\/strong><\/p>\n\n\n\n<p><strong>Raconte-moi des histoires<\/strong>, <strong>le samedi<\/strong> <strong>de 10h30 \u00e0 12h : <\/strong><br>No\u00ebl&nbsp;: Samedi 6 d\u00e9cembre 2025<br>Hiver&nbsp;: Samedi 21 mars 2026<br>P\u00e2ques&nbsp;: Samedi 13 juin 2026<\/p>\n\n\n\n<p><\/p>\n\n\n\n<p><strong>Coup de c\u0153ur Lecture : <\/strong>samedi 14 f\u00e9vrier 2026 de 10h30 \u00e0 12h<\/p>\n\n\n\n<p><\/p>\n\n\n\n<p><strong>&nbsp;Les jeux d\u00e9barquent \u00e0 la biblioth\u00e8que&nbsp;\u00bb (animation jeux Ludoth\u00e8que)<\/strong> : Vendredi 27 mars 2026<\/p>\n\n\n\n<p><\/p>\n\n\n\n<p><strong>\u00ab&nbsp;Courts toujours&nbsp;\u00bb, projection de films d\u2019animation<\/strong> : Vendredi 27 f\u00e9vrier 2026, \u00e0 16h<\/p>\n","protected":false},"excerpt":{"rendered":"<p>Situ\u00e9 au 14 place de l\u2019\u00e9glise, le point-lecture est ouvert au public tous les vendredis, en p\u00e9riode scolaire, de 16h30 \u00e0 18h30. Les classes de l\u2019\u00e9cole sont accueillies entre 15h30 [&hellip;]<\/p>\n","protected":false},"author":1,"featured_media":0,"parent":279,"menu_order":0,"comment_status":"closed","ping_status":"closed","template":"","meta":{"_EventAllDay":false,"_EventTimezone":"","_EventStartDate":"","_EventEndDate":"","_EventStartDateUTC":"","_EventEndDateUTC":"","_EventShowMap":false,"_EventShowMapLink":false,"_EventURL":"","_EventCost":"","_EventCostDescription":"","_EventCurrencySymbol":"","_EventCurrencyCode":"","_EventCurrencyPosition":"","_EventDateTimeSeparator":"","_EventTimeRangeSeparator":"","_EventOrganizerID":[],"_EventVenueID":[],"_OrganizerEmail":"","_OrganizerPhone":"","_OrganizerWebsite":"","_VenueAddress":"","_VenueCity":"","_VenueCountry":"","_VenueProvince":"","_VenueState":"","_VenueZip":"","_VenuePhone":"","_VenueURL":"","_VenueStateProvince":"","_VenueLat":"","_VenueLng":"","_VenueShowMap":false,"_VenueShowMapLink":false,"footnotes":""},"class_list":["post-281","page","type-page","status-publish","hentry"],"_links":{"self":[{"href":"https:\/\/www.sace.fr\/index.php\/wp-json\/wp\/v2\/pages\/281","targetHints":{"allow":["GET"]}}],"collection":[{"href":"https:\/\/www.sace.fr\/index.php\/wp-json\/wp\/v2\/pages"}],"about":[{"href":"https:\/\/www.sace.fr\/index.php\/wp-json\/wp\/v2\/types\/page"}],"author":[{"embeddable":true,"href":"https:\/\/www.sace.fr\/index.php\/wp-json\/wp\/v2\/users\/1"}],"replies":[{"embeddable":true,"href":"https:\/\/www.sace.fr\/index.php\/wp-json\/wp\/v2\/comments?post=281"}],"version-history":[{"count":5,"href":"https:\/\/www.sace.fr\/index.php\/wp-json\/wp\/v2\/pages\/281\/revisions"}],"predecessor-version":[{"id":941,"href":"https:\/\/www.sace.fr\/index.php\/wp-json\/wp\/v2\/pages\/281\/revisions\/941"}],"up":[{"embeddable":true,"href":"https:\/\/www.sace.fr\/index.php\/wp-json\/wp\/v2\/pages\/279"}],"wp:attachment":[{"href":"https:\/\/www.sace.fr\/index.php\/wp-json\/wp\/v2\/media?parent=281"}],"curies":[{"name":"wp","href":"https:\/\/api.w.org\/{rel}","templated":true}]}}

Point lecture et ludothèque

<figure class="wp-block-image size-large is-resized"><img loading="lazy" decoding="async" width="1024" height="768" src="https://www.sace.fr/wp-content/uploads/2025/11/pointlecture1-1024x768.jpg" alt="" class="wp-image-938" style="width:521px;height:auto" srcset="https://www.sace.fr/wp-content/uploads/2025/11/pointlecture1-1024x768.jpg 1024w, https://www.sace.fr/wp-content/uploads/2025/11/pointlecture1-300x225.jpg 300w, https://www.sace.fr/wp-content/uploads/2025/11/pointlecture1-768x576.jpg 768w, https://www.sace.fr/wp-content/uploads/2025/11/pointlecture1-1536x1152.jpg 1536w, https://www.sace.fr/wp-content/uploads/2025/11/pointlecture1.jpg 2016w" sizes="auto, (max-width: 1024px) 100vw, 1024px" /></figure>



<p>Situé au 14 place de l’église, le point-lecture est ouvert au public tous les vendredis, en période scolaire, de 16h30 à 18h30. Les classes de l’école sont accueillies entre 15h30 et 16h30.</p>



<p>La bibliothèque se compose de deux espaces au rez-de-chaussée. Le premier, réservé aux adultes, vous propose romans, documentaires ainsi que bandes dessinées et romans graphiques. La seconde salle, réservée aux enfants, permet d’emprunter albums de jeunesse, bandes dessinées, romans, documentaires ainsi que des jeux, provenant de la ludothèque.</p>



<p>Tout au long de l’année, des animations «&nbsp;Raconte-moi des histoires à Sacé&nbsp;» sont proposées aux enfants et leurs parents, le samedi matin. Deux à trois fois dans l’année, une rencontre «&nbsp;Coup de cœur » est proposée aux adultes. L’idée est simple, partager vos lecture-plaisir. Autour d’un café ou d’un thé, avec une part de gâteau, c’est un moment convivial qui favorise les rencontres et les surprises littéraires.&nbsp;L’équipe de la médiathèque Jean-Loup Trassard, de Mayenne, propose également quelques rendez-vous lecture et jeux.</p>



<h2 class="wp-block-heading">Pour s&rsquo;inscrire</h2>



<p>Pour pouvoir emprunter des documents ainsi que des jeux, vous devez vous inscrire dans l’une des bibliothèques de Mayenne Communauté. Une carte d’abonnement personnelle vous est remise, valable un an dans toutes les bibliothèques du réseau. L’abonnement pour les particuliers est gratuit. Pour vous abonner, il suffit de présenter :<br>1. Une pièce d’identité valide<br>2. Un justificatif de domicile de l’année en cours<br>3. Une fiche de renseignements remplie (par les parents ou le représentant légal pour les mineurs)</p>



<h2 class="wp-block-heading">Les horaires et les animations</h2>



<p><strong>Chaque vendredi</strong> :</p>



<p>Accueil scolaire <strong>de 15h30 à 16h30 / </strong>Accueil grand public<strong> de 16h30 à 18h30</strong></p>



<p><strong>Raconte-moi des histoires</strong>, <strong>le samedi</strong> <strong>de 10h30 à 12h : </strong><br>Noël&nbsp;: Samedi 6 décembre 2025<br>Hiver&nbsp;: Samedi 21 mars 2026<br>Pâques&nbsp;: Samedi 13 juin 2026</p>



<p></p>



<p><strong>Coup de cœur Lecture : </strong>samedi 14 février 2026 de 10h30 à 12h</p>



<p></p>



<p><strong>&nbsp;Les jeux débarquent à la bibliothèque&nbsp;» (animation jeux Ludothèque)</strong> : Vendredi 27 mars 2026</p>



<p></p>



<p><strong>«&nbsp;Courts toujours&nbsp;», projection de films d’animation</strong> : Vendredi 27 février 2026, à 16h</p>

<p>Situé au 14 place de l’église, le point-lecture est ouvert au public tous les vendredis, en période scolaire, de 16h30 à 18h30. Les classes de l’école sont accueillies entre 15h30 [&hellip;]</p>
