{"id":283,"date":"2024-03-27T09:23:33","date_gmt":"2024-03-27T08:23:33","guid":{"rendered":"https:\/\/www.sace.fr\/?page_id=283"},"modified":"2025-12-01T09:45:07","modified_gmt":"2025-12-01T08:45:07","slug":"comite-danimation","status":"publish","type":"page","link":"https:\/\/www.sace.fr\/index.php\/la-vie-communale\/culture-associations\/comite-danimation\/","title":{"rendered":"Comit\u00e9 d&rsquo;animation"},"content":{"rendered":"\n<p>Le comit\u00e9 d&rsquo;animation remercie l&rsquo;\u00e9quipe municipale et toutes les personnes qui nous ont aid\u00e9 durant cette ann\u00e9e 2025 !<\/p>\n\n\n\n<figure class=\"wp-block-gallery has-nested-images columns-default is-cropped wp-block-gallery-1 is-layout-flex wp-block-gallery-is-layout-flex\">\n<figure class=\"wp-block-image size-large\"><img loading=\"lazy\" decoding=\"async\" width=\"1024\" height=\"768\" data-id=\"958\" src=\"https:\/\/www.sace.fr\/wp-content\/uploads\/2025\/12\/comite1-1024x768.jpg\" alt=\"\" class=\"wp-image-958\" srcset=\"https:\/\/www.sace.fr\/wp-content\/uploads\/2025\/12\/comite1-1024x768.jpg 1024w, https:\/\/www.sace.fr\/wp-content\/uploads\/2025\/12\/comite1-300x225.jpg 300w, https:\/\/www.sace.fr\/wp-content\/uploads\/2025\/12\/comite1-768x576.jpg 768w, https:\/\/www.sace.fr\/wp-content\/uploads\/2025\/12\/comite1-1536x1152.jpg 1536w, https:\/\/www.sace.fr\/wp-content\/uploads\/2025\/12\/comite1.jpg 2048w\" sizes=\"auto, (max-width: 1024px) 100vw, 1024px\" \/><\/figure>\n\n\n\n<figure class=\"wp-block-image size-large\"><img loading=\"lazy\" decoding=\"async\" width=\"1024\" height=\"768\" data-id=\"959\" src=\"https:\/\/www.sace.fr\/wp-content\/uploads\/2025\/12\/comite2-1024x768.jpg\" alt=\"\" class=\"wp-image-959\" srcset=\"https:\/\/www.sace.fr\/wp-content\/uploads\/2025\/12\/comite2-1024x768.jpg 1024w, https:\/\/www.sace.fr\/wp-content\/uploads\/2025\/12\/comite2-300x225.jpg 300w, https:\/\/www.sace.fr\/wp-content\/uploads\/2025\/12\/comite2-768x576.jpg 768w, https:\/\/www.sace.fr\/wp-content\/uploads\/2025\/12\/comite2-1536x1152.jpg 1536w, https:\/\/www.sace.fr\/wp-content\/uploads\/2025\/12\/comite2-2048x1536.jpg 2048w\" sizes=\"auto, (max-width: 1024px) 100vw, 1024px\" \/><\/figure>\n\n\n\n<figure class=\"wp-block-image size-large\"><img loading=\"lazy\" decoding=\"async\" width=\"1024\" height=\"512\" data-id=\"957\" src=\"https:\/\/www.sace.fr\/wp-content\/uploads\/2025\/12\/comite3-1024x512.jpg\" alt=\"\" class=\"wp-image-957\" srcset=\"https:\/\/www.sace.fr\/wp-content\/uploads\/2025\/12\/comite3-1024x512.jpg 1024w, https:\/\/www.sace.fr\/wp-content\/uploads\/2025\/12\/comite3-300x150.jpg 300w, https:\/\/www.sace.fr\/wp-content\/uploads\/2025\/12\/comite3-768x384.jpg 768w, https:\/\/www.sace.fr\/wp-content\/uploads\/2025\/12\/comite3-1536x768.jpg 1536w, https:\/\/www.sace.fr\/wp-content\/uploads\/2025\/12\/comite3.jpg 1600w\" sizes=\"auto, (max-width: 1024px) 100vw, 1024px\" \/><\/figure>\n<\/figure>\n\n\n\n<p>Cette ann\u00e9e a \u00e9t\u00e9 marqu\u00e9e par la bonne participation de 72 coureurs aux 5 h cyclo et 40 personnes se sont retrouv\u00e9es au repas suivi d&rsquo;une randonn\u00e9e p\u00e9destre.<\/p>\n\n\n\n<p>Fin juin, le traditionnel jambon \u00e0 la broche \u00e9tait pour la premi\u00e8re fois \u00e0 la salle des f\u00eates et sur le parking, l&rsquo;organisation a \u00e9t\u00e9 tr\u00e8s appr\u00e9ci\u00e9e par le public.<\/p>\n\n\n\n<p>Enfin \u00e0 l&rsquo;automne, le repas des Jeunes d&rsquo;Autrefois offert par le comit\u00e9 a r\u00e9uni 39 personnes et s&rsquo;est d\u00e9roul\u00e9 dans la joie et la bonne humeur.<\/p>\n\n\n\n<p>Tous les membres du comit\u00e9 vous adressent tous leurs v\u0153ux pour 2026, et comptent sur votre pr\u00e9sence aux diff\u00e9rentes manifestations.<\/p>\n","protected":false},"excerpt":{"rendered":"<p>Le comit\u00e9 d&rsquo;animation remercie l&rsquo;\u00e9quipe municipale et toutes les personnes qui nous ont aid\u00e9 durant cette ann\u00e9e 2025 ! Cette ann\u00e9e a \u00e9t\u00e9 marqu\u00e9e par la bonne participation de 72 [&hellip;]<\/p>\n","protected":false},"author":1,"featured_media":0,"parent":279,"menu_order":0,"comment_status":"closed","ping_status":"closed","template":"","meta":{"_EventAllDay":false,"_EventTimezone":"","_EventStartDate":"","_EventEndDate":"","_EventStartDateUTC":"","_EventEndDateUTC":"","_EventShowMap":false,"_EventShowMapLink":false,"_EventURL":"","_EventCost":"","_EventCostDescription":"","_EventCurrencySymbol":"","_EventCurrencyCode":"","_EventCurrencyPosition":"","_EventDateTimeSeparator":"","_EventTimeRangeSeparator":"","_EventOrganizerID":[],"_EventVenueID":[],"_OrganizerEmail":"","_OrganizerPhone":"","_OrganizerWebsite":"","_VenueAddress":"","_VenueCity":"","_VenueCountry":"","_VenueProvince":"","_VenueState":"","_VenueZip":"","_VenuePhone":"","_VenueURL":"","_VenueStateProvince":"","_VenueLat":"","_VenueLng":"","_VenueShowMap":false,"_VenueShowMapLink":false,"footnotes":""},"class_list":["post-283","page","type-page","status-publish","hentry"],"_links":{"self":[{"href":"https:\/\/www.sace.fr\/index.php\/wp-json\/wp\/v2\/pages\/283","targetHints":{"allow":["GET"]}}],"collection":[{"href":"https:\/\/www.sace.fr\/index.php\/wp-json\/wp\/v2\/pages"}],"about":[{"href":"https:\/\/www.sace.fr\/index.php\/wp-json\/wp\/v2\/types\/page"}],"author":[{"embeddable":true,"href":"https:\/\/www.sace.fr\/index.php\/wp-json\/wp\/v2\/users\/1"}],"replies":[{"embeddable":true,"href":"https:\/\/www.sace.fr\/index.php\/wp-json\/wp\/v2\/comments?post=283"}],"version-history":[{"count":8,"href":"https:\/\/www.sace.fr\/index.php\/wp-json\/wp\/v2\/pages\/283\/revisions"}],"predecessor-version":[{"id":960,"href":"https:\/\/www.sace.fr\/index.php\/wp-json\/wp\/v2\/pages\/283\/revisions\/960"}],"up":[{"embeddable":true,"href":"https:\/\/www.sace.fr\/index.php\/wp-json\/wp\/v2\/pages\/279"}],"wp:attachment":[{"href":"https:\/\/www.sace.fr\/index.php\/wp-json\/wp\/v2\/media?parent=283"}],"curies":[{"name":"wp","href":"https:\/\/api.w.org\/{rel}","templated":true}]}}

Comité d&rsquo;animation

<p>Le comité d&rsquo;animation remercie l&rsquo;équipe municipale et toutes les personnes qui nous ont aidé durant cette année 2025 !</p>



<figure class="wp-block-gallery has-nested-images columns-default is-cropped wp-block-gallery-1 is-layout-flex wp-block-gallery-is-layout-flex">
<figure class="wp-block-image size-large"><img loading="lazy" decoding="async" width="1024" height="768" data-id="958" src="https://www.sace.fr/wp-content/uploads/2025/12/comite1-1024x768.jpg" alt="" class="wp-image-958" srcset="https://www.sace.fr/wp-content/uploads/2025/12/comite1-1024x768.jpg 1024w, https://www.sace.fr/wp-content/uploads/2025/12/comite1-300x225.jpg 300w, https://www.sace.fr/wp-content/uploads/2025/12/comite1-768x576.jpg 768w, https://www.sace.fr/wp-content/uploads/2025/12/comite1-1536x1152.jpg 1536w, https://www.sace.fr/wp-content/uploads/2025/12/comite1.jpg 2048w" sizes="auto, (max-width: 1024px) 100vw, 1024px" /></figure>



<figure class="wp-block-image size-large"><img loading="lazy" decoding="async" width="1024" height="768" data-id="959" src="https://www.sace.fr/wp-content/uploads/2025/12/comite2-1024x768.jpg" alt="" class="wp-image-959" srcset="https://www.sace.fr/wp-content/uploads/2025/12/comite2-1024x768.jpg 1024w, https://www.sace.fr/wp-content/uploads/2025/12/comite2-300x225.jpg 300w, https://www.sace.fr/wp-content/uploads/2025/12/comite2-768x576.jpg 768w, https://www.sace.fr/wp-content/uploads/2025/12/comite2-1536x1152.jpg 1536w, https://www.sace.fr/wp-content/uploads/2025/12/comite2-2048x1536.jpg 2048w" sizes="auto, (max-width: 1024px) 100vw, 1024px" /></figure>



<figure class="wp-block-image size-large"><img loading="lazy" decoding="async" width="1024" height="512" data-id="957" src="https://www.sace.fr/wp-content/uploads/2025/12/comite3-1024x512.jpg" alt="" class="wp-image-957" srcset="https://www.sace.fr/wp-content/uploads/2025/12/comite3-1024x512.jpg 1024w, https://www.sace.fr/wp-content/uploads/2025/12/comite3-300x150.jpg 300w, https://www.sace.fr/wp-content/uploads/2025/12/comite3-768x384.jpg 768w, https://www.sace.fr/wp-content/uploads/2025/12/comite3-1536x768.jpg 1536w, https://www.sace.fr/wp-content/uploads/2025/12/comite3.jpg 1600w" sizes="auto, (max-width: 1024px) 100vw, 1024px" /></figure>
</figure>



<p>Cette année a été marquée par la bonne participation de 72 coureurs aux 5 h cyclo et 40 personnes se sont retrouvées au repas suivi d&rsquo;une randonnée pédestre.</p>



<p>Fin juin, le traditionnel jambon à la broche était pour la première fois à la salle des fêtes et sur le parking, l&rsquo;organisation a été très appréciée par le public.</p>



<p>Enfin à l&rsquo;automne, le repas des Jeunes d&rsquo;Autrefois offert par le comité a réuni 39 personnes et s&rsquo;est déroulé dans la joie et la bonne humeur.</p>



<p>Tous les membres du comité vous adressent tous leurs vœux pour 2026, et comptent sur votre présence aux différentes manifestations.</p>

<p>Le comité d&rsquo;animation remercie l&rsquo;équipe municipale et toutes les personnes qui nous ont aidé durant cette année 2025 ! Cette année a été marquée par la bonne participation de 72 [&hellip;]</p>
