{"id":292,"date":"2024-03-27T09:39:05","date_gmt":"2024-03-27T08:39:05","guid":{"rendered":"https:\/\/www.sace.fr\/?page_id=292"},"modified":"2025-11-30T10:52:48","modified_gmt":"2025-11-30T09:52:48","slug":"association-la-detente","status":"publish","type":"page","link":"https:\/\/www.sace.fr\/index.php\/la-vie-communale\/culture-associations\/association-la-detente\/","title":{"rendered":"Association la d\u00e9tente"},"content":{"rendered":"\n<p>Le bar de Sac\u00e9 qui est g\u00e9r\u00e9 par l&rsquo;association \u00ab\u00a0La D\u00e9tente\u00a0\u00bb a f\u00eat\u00e9 ses 35 ann\u00e9es d&rsquo;existence et d&rsquo;activit\u00e9 en juin 2025. Il n&rsquo;a pas pris une ride et continue, avec l&rsquo;investissement de ses membres b\u00e9n\u00e9voles, de vous accueillir <strong>tous les vendredis soir \u00e0 partir de 19h00<\/strong>.<\/p>\n\n\n\n<figure class=\"wp-block-image size-large is-resized\"><img loading=\"lazy\" decoding=\"async\" width=\"768\" height=\"576\" src=\"https:\/\/www.sace.fr\/wp-content\/uploads\/2024\/04\/DETENTE1-768x576-1.jpg\" alt=\"\" class=\"wp-image-426\" style=\"width:396px;height:auto\" srcset=\"https:\/\/www.sace.fr\/wp-content\/uploads\/2024\/04\/DETENTE1-768x576-1.jpg 768w, https:\/\/www.sace.fr\/wp-content\/uploads\/2024\/04\/DETENTE1-768x576-1-300x225.jpg 300w\" sizes=\"auto, (max-width: 768px) 100vw, 768px\" \/><\/figure>\n\n\n\n<p>Le bar \u00ab\u00a0La Grange\u00a0\u00bb&nbsp;vous propose, au-del\u00e0 de son ouverture hebdomadaire, une douzaine de dates par an avec des concerts de qualit\u00e9 : l&rsquo;incontournable St Patrick, un Karaok\u00e9 de printemps et avec l&rsquo;arriv\u00e9e de l&rsquo;\u00e9t\u00e9 la f\u00eate de la musique, puis \u00e0 la rentr\u00e9e de septembre un march\u00e9 d&rsquo;artisans et de producteurs. Les frimas de l&rsquo;automne nous feront rentrer pour des soir\u00e9es plus intimistes en int\u00e9rieur, ou pour une d\u00e9gustation de ch\u00e2taignes grill\u00e9es et de vin chaud.<\/p>\n\n\n\n<figure class=\"wp-block-image size-full is-resized\"><img loading=\"lazy\" decoding=\"async\" width=\"768\" height=\"576\" src=\"https:\/\/www.sace.fr\/wp-content\/uploads\/2024\/04\/Sace-25A.-Bar-Asso.-09.2016-P.M.-209-768x576-1.jpg\" alt=\"\" class=\"wp-image-428\" style=\"width:408px;height:auto\" srcset=\"https:\/\/www.sace.fr\/wp-content\/uploads\/2024\/04\/Sace-25A.-Bar-Asso.-09.2016-P.M.-209-768x576-1.jpg 768w, https:\/\/www.sace.fr\/wp-content\/uploads\/2024\/04\/Sace-25A.-Bar-Asso.-09.2016-P.M.-209-768x576-1-300x225.jpg 300w\" sizes=\"auto, (max-width: 768px) 100vw, 768px\" \/><\/figure>\n\n\n\n<p><strong>L&rsquo;entr\u00e9e de toutes les animations et concerts est libre et gratuite<\/strong>, vous pourrez aussi vous restaurer sur place avec les pizzas du V\u00e9n\u00e9to.<\/p>\n\n\n\n<p>N&rsquo;h\u00e9sitez pas \u00e0 franchir la porte du bar et nous rejoindre pour de vrais moments d&rsquo;\u00e9changes et de d\u00e9bats en toute convivialit\u00e9.<\/p>\n\n\n\n<p>Si vous souhaitez \u00eatre inform\u00e9 de chaque animation, communiquez-nous votre adresse mail en \u00e9crivant \u00e0 <a href=\"mailto:saceladetente@gmail.com\">saceladetente@gmail.com<\/a><\/p>\n\n\n\n<p>Pour La D\u00e9tente: Lo\u00efc Fulbert, Pr\u00e9sident<\/p>\n","protected":false},"excerpt":{"rendered":"<p>Le bar de Sac\u00e9 qui est g\u00e9r\u00e9 par l&rsquo;association \u00ab\u00a0La D\u00e9tente\u00a0\u00bb a f\u00eat\u00e9 ses 35 ann\u00e9es d&rsquo;existence et d&rsquo;activit\u00e9 en juin 2025. Il n&rsquo;a pas pris une ride et continue, [&hellip;]<\/p>\n","protected":false},"author":1,"featured_media":0,"parent":279,"menu_order":0,"comment_status":"closed","ping_status":"closed","template":"","meta":{"_EventAllDay":false,"_EventTimezone":"","_EventStartDate":"","_EventEndDate":"","_EventStartDateUTC":"","_EventEndDateUTC":"","_EventShowMap":false,"_EventShowMapLink":false,"_EventURL":"","_EventCost":"","_EventCostDescription":"","_EventCurrencySymbol":"","_EventCurrencyCode":"","_EventCurrencyPosition":"","_EventDateTimeSeparator":"","_EventTimeRangeSeparator":"","_EventOrganizerID":[],"_EventVenueID":[],"_OrganizerEmail":"","_OrganizerPhone":"","_OrganizerWebsite":"","_VenueAddress":"","_VenueCity":"","_VenueCountry":"","_VenueProvince":"","_VenueState":"","_VenueZip":"","_VenuePhone":"","_VenueURL":"","_VenueStateProvince":"","_VenueLat":"","_VenueLng":"","_VenueShowMap":false,"_VenueShowMapLink":false,"footnotes":""},"class_list":["post-292","page","type-page","status-publish","hentry"],"_links":{"self":[{"href":"https:\/\/www.sace.fr\/index.php\/wp-json\/wp\/v2\/pages\/292","targetHints":{"allow":["GET"]}}],"collection":[{"href":"https:\/\/www.sace.fr\/index.php\/wp-json\/wp\/v2\/pages"}],"about":[{"href":"https:\/\/www.sace.fr\/index.php\/wp-json\/wp\/v2\/types\/page"}],"author":[{"embeddable":true,"href":"https:\/\/www.sace.fr\/index.php\/wp-json\/wp\/v2\/users\/1"}],"replies":[{"embeddable":true,"href":"https:\/\/www.sace.fr\/index.php\/wp-json\/wp\/v2\/comments?post=292"}],"version-history":[{"count":4,"href":"https:\/\/www.sace.fr\/index.php\/wp-json\/wp\/v2\/pages\/292\/revisions"}],"predecessor-version":[{"id":955,"href":"https:\/\/www.sace.fr\/index.php\/wp-json\/wp\/v2\/pages\/292\/revisions\/955"}],"up":[{"embeddable":true,"href":"https:\/\/www.sace.fr\/index.php\/wp-json\/wp\/v2\/pages\/279"}],"wp:attachment":[{"href":"https:\/\/www.sace.fr\/index.php\/wp-json\/wp\/v2\/media?parent=292"}],"curies":[{"name":"wp","href":"https:\/\/api.w.org\/{rel}","templated":true}]}}

Association la détente

<p>Le bar de Sacé qui est géré par l&rsquo;association « La Détente » a fêté ses 35 années d&rsquo;existence et d&rsquo;activité en juin 2025. Il n&rsquo;a pas pris une ride et continue, avec l&rsquo;investissement de ses membres bénévoles, de vous accueillir <strong>tous les vendredis soir à partir de 19h00</strong>.</p>



<figure class="wp-block-image size-large is-resized"><img loading="lazy" decoding="async" width="768" height="576" src="https://www.sace.fr/wp-content/uploads/2024/04/DETENTE1-768x576-1.jpg" alt="" class="wp-image-426" style="width:396px;height:auto" srcset="https://www.sace.fr/wp-content/uploads/2024/04/DETENTE1-768x576-1.jpg 768w, https://www.sace.fr/wp-content/uploads/2024/04/DETENTE1-768x576-1-300x225.jpg 300w" sizes="auto, (max-width: 768px) 100vw, 768px" /></figure>



<p>Le bar « La Grange »&nbsp;vous propose, au-delà de son ouverture hebdomadaire, une douzaine de dates par an avec des concerts de qualité : l&rsquo;incontournable St Patrick, un Karaoké de printemps et avec l&rsquo;arrivée de l&rsquo;été la fête de la musique, puis à la rentrée de septembre un marché d&rsquo;artisans et de producteurs. Les frimas de l&rsquo;automne nous feront rentrer pour des soirées plus intimistes en intérieur, ou pour une dégustation de châtaignes grillées et de vin chaud.</p>



<figure class="wp-block-image size-full is-resized"><img loading="lazy" decoding="async" width="768" height="576" src="https://www.sace.fr/wp-content/uploads/2024/04/Sace-25A.-Bar-Asso.-09.2016-P.M.-209-768x576-1.jpg" alt="" class="wp-image-428" style="width:408px;height:auto" srcset="https://www.sace.fr/wp-content/uploads/2024/04/Sace-25A.-Bar-Asso.-09.2016-P.M.-209-768x576-1.jpg 768w, https://www.sace.fr/wp-content/uploads/2024/04/Sace-25A.-Bar-Asso.-09.2016-P.M.-209-768x576-1-300x225.jpg 300w" sizes="auto, (max-width: 768px) 100vw, 768px" /></figure>



<p><strong>L&rsquo;entrée de toutes les animations et concerts est libre et gratuite</strong>, vous pourrez aussi vous restaurer sur place avec les pizzas du Vénéto.</p>



<p>N&rsquo;hésitez pas à franchir la porte du bar et nous rejoindre pour de vrais moments d&rsquo;échanges et de débats en toute convivialité.</p>



<p>Si vous souhaitez être informé de chaque animation, communiquez-nous votre adresse mail en écrivant à <a href="mailto:saceladetente@gmail.com">saceladetente@gmail.com</a></p>



<p>Pour La Détente: Loïc Fulbert, Président</p>

<p>Le bar de Sacé qui est géré par l&rsquo;association « La Détente » a fêté ses 35 années d&rsquo;existence et d&rsquo;activité en juin 2025. Il n&rsquo;a pas pris une ride et continue, [&hellip;]</p>
