{"id":308,"date":"2024-03-27T10:07:17","date_gmt":"2024-03-27T09:07:17","guid":{"rendered":"https:\/\/www.sace.fr\/?page_id=308"},"modified":"2025-11-26T11:06:23","modified_gmt":"2025-11-26T10:06:23","slug":"elections","status":"publish","type":"page","link":"https:\/\/www.sace.fr\/index.php\/en-pratique\/demarches-administratives\/elections\/","title":{"rendered":"\u00a0\u00c9lections"},"content":{"rendered":"\n<h3 class=\"wp-block-heading\">Inscriptions sur la liste \u00e9lectorale de Sac\u00e9<\/h3>\n\n\n\n<p><em><strong><font color=\"874899\">Prochain scrutin : \u00e9lections municipales le 15 mars 2026<\/font><\/strong><\/em><\/p>\n\n\n\n<p>Pour voter aux prochaines \u00e9lections municipales \u00e0 Sac\u00e9, vous avez jusqu&rsquo;au 6 f\u00e9vrier 2026. L&rsquo;inscription se fait d\u00e9sormais en ligne sur ce site :\u00a0<a href=\"https:\/\/www.service-public.fr\/particuliers\/vosdroits\/R16396\" target=\"_blank\" rel=\"noreferrer noopener\">Inscription en ligne<\/a><\/p>\n\n\n\n<p>Ce d\u00e9lai est prolong\u00e9 jusqu&rsquo;au 5 mars 2026 dans certains cas : jeune de 18 ans n&rsquo;ayant pas fait le recensement citoyen, d\u00e9m\u00e9nagement r\u00e9cent, acquisition r\u00e9cente de la nationalit\u00e9 fran\u00e7aise, droit de vote r\u00e9cemment recouvr\u00e9.<\/p>\n\n\n\n<p><em><strong><font color=\"874899\">Inscription d\u2019office \u00e0 18 ans<\/font><\/strong><\/em><\/p>\n\n\n\n<p>Chaque Fran\u00e7ais qui devient majeur est inscrit automatiquement sur la liste \u00e9lectorale, \u00e0 condition qu\u2019il ait fait son&nbsp;<a href=\"https:\/\/www.service-public.fr\/particuliers\/vosdroits\/F870\">recensement citoyen<\/a>&nbsp;\u00e0 16&nbsp;ans.<\/p>\n","protected":false},"excerpt":{"rendered":"<p>Inscriptions sur la liste \u00e9lectorale de Sac\u00e9 Prochain scrutin : \u00e9lections municipales le 15 mars 2026 Pour voter aux prochaines \u00e9lections municipales \u00e0 Sac\u00e9, vous avez jusqu&rsquo;au 6 f\u00e9vrier 2026. [&hellip;]<\/p>\n","protected":false},"author":1,"featured_media":0,"parent":296,"menu_order":0,"comment_status":"closed","ping_status":"closed","template":"","meta":{"_EventAllDay":false,"_EventTimezone":"","_EventStartDate":"","_EventEndDate":"","_EventStartDateUTC":"","_EventEndDateUTC":"","_EventShowMap":false,"_EventShowMapLink":false,"_EventURL":"","_EventCost":"","_EventCostDescription":"","_EventCurrencySymbol":"","_EventCurrencyCode":"","_EventCurrencyPosition":"","_EventDateTimeSeparator":"","_EventTimeRangeSeparator":"","_EventOrganizerID":[],"_EventVenueID":[],"_OrganizerEmail":"","_OrganizerPhone":"","_OrganizerWebsite":"","_VenueAddress":"","_VenueCity":"","_VenueCountry":"","_VenueProvince":"","_VenueState":"","_VenueZip":"","_VenuePhone":"","_VenueURL":"","_VenueStateProvince":"","_VenueLat":"","_VenueLng":"","_VenueShowMap":false,"_VenueShowMapLink":false,"footnotes":""},"class_list":["post-308","page","type-page","status-publish","hentry"],"_links":{"self":[{"href":"https:\/\/www.sace.fr\/index.php\/wp-json\/wp\/v2\/pages\/308","targetHints":{"allow":["GET"]}}],"collection":[{"href":"https:\/\/www.sace.fr\/index.php\/wp-json\/wp\/v2\/pages"}],"about":[{"href":"https:\/\/www.sace.fr\/index.php\/wp-json\/wp\/v2\/types\/page"}],"author":[{"embeddable":true,"href":"https:\/\/www.sace.fr\/index.php\/wp-json\/wp\/v2\/users\/1"}],"replies":[{"embeddable":true,"href":"https:\/\/www.sace.fr\/index.php\/wp-json\/wp\/v2\/comments?post=308"}],"version-history":[{"count":4,"href":"https:\/\/www.sace.fr\/index.php\/wp-json\/wp\/v2\/pages\/308\/revisions"}],"predecessor-version":[{"id":880,"href":"https:\/\/www.sace.fr\/index.php\/wp-json\/wp\/v2\/pages\/308\/revisions\/880"}],"up":[{"embeddable":true,"href":"https:\/\/www.sace.fr\/index.php\/wp-json\/wp\/v2\/pages\/296"}],"wp:attachment":[{"href":"https:\/\/www.sace.fr\/index.php\/wp-json\/wp\/v2\/media?parent=308"}],"curies":[{"name":"wp","href":"https:\/\/api.w.org\/{rel}","templated":true}]}}

Élections

<h3 class="wp-block-heading">Inscriptions sur la liste électorale de Sacé</h3>



<p><em><strong><font color="874899">Prochain scrutin : élections municipales le 15 mars 2026</font></strong></em></p>



<p>Pour voter aux prochaines élections municipales à Sacé, vous avez jusqu&rsquo;au 6 février 2026. L&rsquo;inscription se fait désormais en ligne sur ce site : <a href="https://www.service-public.fr/particuliers/vosdroits/R16396" target="_blank" rel="noreferrer noopener">Inscription en ligne</a></p>



<p>Ce délai est prolongé jusqu&rsquo;au 5 mars 2026 dans certains cas : jeune de 18 ans n&rsquo;ayant pas fait le recensement citoyen, déménagement récent, acquisition récente de la nationalité française, droit de vote récemment recouvré.</p>



<p><em><strong><font color="874899">Inscription d’office à 18 ans</font></strong></em></p>



<p>Chaque Français qui devient majeur est inscrit automatiquement sur la liste électorale, à condition qu’il ait fait son&nbsp;<a href="https://www.service-public.fr/particuliers/vosdroits/F870">recensement citoyen</a>&nbsp;à 16&nbsp;ans.</p>

<p>Inscriptions sur la liste électorale de Sacé Prochain scrutin : élections municipales le 15 mars 2026 Pour voter aux prochaines élections municipales à Sacé, vous avez jusqu&rsquo;au 6 février 2026. [&hellip;]</p>
