{"id":322,"date":"2024-03-27T10:18:46","date_gmt":"2024-03-27T09:18:46","guid":{"rendered":"https:\/\/www.sace.fr\/?page_id=322"},"modified":"2025-11-26T16:49:42","modified_gmt":"2025-11-26T15:49:42","slug":"passeport","status":"publish","type":"page","link":"https:\/\/www.sace.fr\/index.php\/en-pratique\/demarches-administratives\/passeport\/","title":{"rendered":"Passeport"},"content":{"rendered":"\n<p>Depuis la mise en place du passeport biom\u00e9trique, vous ne pouvez plus effectuer vos d\u00e9marches aupr\u00e8s de la mairie de Sac\u00e9 mais dans l\u2019une des communes de cette carte :<\/p>\n\n\n\n<figure class=\"wp-block-image alignwide size-large\"><img loading=\"lazy\" decoding=\"async\" width=\"724\" height=\"1024\" src=\"https:\/\/www.sace.fr\/wp-content\/uploads\/2025\/11\/2024-01-31_DDT_cartographie_38_communes_Dispositif-de-recueil_page-0001-724x1024.jpg\" alt=\"\" class=\"wp-image-881\" srcset=\"https:\/\/www.sace.fr\/wp-content\/uploads\/2025\/11\/2024-01-31_DDT_cartographie_38_communes_Dispositif-de-recueil_page-0001-724x1024.jpg 724w, https:\/\/www.sace.fr\/wp-content\/uploads\/2025\/11\/2024-01-31_DDT_cartographie_38_communes_Dispositif-de-recueil_page-0001-212x300.jpg 212w, https:\/\/www.sace.fr\/wp-content\/uploads\/2025\/11\/2024-01-31_DDT_cartographie_38_communes_Dispositif-de-recueil_page-0001-768x1087.jpg 768w, https:\/\/www.sace.fr\/wp-content\/uploads\/2025\/11\/2024-01-31_DDT_cartographie_38_communes_Dispositif-de-recueil_page-0001-1085x1536.jpg 1085w, https:\/\/www.sace.fr\/wp-content\/uploads\/2025\/11\/2024-01-31_DDT_cartographie_38_communes_Dispositif-de-recueil_page-0001.jpg 1240w\" sizes=\"auto, (max-width: 724px) 100vw, 724px\" \/><\/figure>\n\n\n\n<p><strong>ATTENTION AUX DELAIS !<\/strong> Le d\u00e9lai pour obtenir son passeport \u00e0 partir du d\u00e9p\u00f4t&nbsp;d\u2019un dossier complet est&nbsp;de 2 mois maximum. Aussi, afin d\u2019\u00e9viter toute d\u00e9convenue, nous vous recommandons de ne r\u00e9server votre voyage qu\u2019une fois votre passeport en main.<\/p>\n\n\n\n<p>Enfin avant de partir \u00e0 l\u2019\u00e9tranger, renseignez-vous sur les modalit\u00e9s d\u2019entr\u00e9e et de s\u00e9jour aupr\u00e8s du&nbsp;<a href=\"https:\/\/www.diplomatie.gouv.fr\/fr\/le-ministere-et-son-reseau\/annuaires-et-adresses-du-ministere-de-l-europe-et-des-affaires-etrangeres-meae\/ambassades-et-consulats-etrangers-en-france\" target=\"_blank\" rel=\"noreferrer noopener\">consulat<\/a>&nbsp;du pays visit\u00e9, aupr\u00e8s de la compagnie devant assurer votre transport ainsi que sur le&nbsp;<a href=\"https:\/\/www.diplomatie.gouv.fr\/fr\/conseils-aux-voyageurs\" target=\"_blank\" rel=\"noreferrer noopener\">site du minist\u00e8re des affaires \u00e9trang\u00e8res<\/a>.<\/p>\n\n\n\n<p>Pour demander un passeport,&nbsp;les pi\u00e8ces justificatives n\u00e9cessaires&nbsp;d\u00e9pendent de la situation : majeur ou mineur, premi\u00e8re demande ou renouvellement, etc. <\/p>\n\n\n\n<p>Voici le d\u00e9tail des pi\u00e8ces \u00e0 fournir :<\/p>\n\n\n\n<figure class=\"wp-block-table\"><table class=\"has-fixed-layout\"><tbody><tr><td rowspan=\"2\"><\/td><td class=\"has-text-align-left\" data-align=\"left\"><strong>Pour un mineur :<\/strong><\/td><td><strong>Pour un majeur :<\/strong><\/td><\/tr><tr><td class=\"has-text-align-left\" data-align=\"left\">Au d\u00e9p\u00f4t du dossier : pr\u00e9sence du mineur et du titulaire de l\u2019autorit\u00e9 parentale.<br>Au retrait de la carte : pr\u00e9sence du mineur si il a plus de 12 ans, et du titulaire de l&rsquo;autorit\u00e9 parentale.<\/td><td>La&nbsp;pr\u00e9sence du demandeur est obligatoire&nbsp;lors du d\u00e9p\u00f4t du dossier et lors du retrait du passeport.<\/td><\/tr><tr><td rowspan=\"2\"><strong>Premier passeport :<\/strong><\/td><td class=\"has-text-align-left\" data-align=\"left\"><\/td><td>Un document officiel avec photo ( carte d\u2019identit\u00e9, permis de conduire, permis de chasser, carte professionnelle, carte Vitale 2, carte d\u2019\u00e9tudiant\u2026) \u2013&nbsp;original + photocopie<\/td><\/tr><tr><td class=\"has-text-align-left\" data-align=\"left\" colspan=\"2\">un extrait d\u2019acte de naissance&nbsp;\u00e0 jour, datant de moins de 3 mois,&nbsp;comportant les&nbsp;date et lieu de naissance de vos parents&nbsp;\u00e0 demander par courrier \u00e0 la mairie de votre lieu de naissance ou par&nbsp;<a href=\"https:\/\/www.service-public.fr\/particuliers\/vosdroits\/F1427\" target=\"_blank\" rel=\"noreferrer noopener\">internet<\/a>.<\/td><\/tr><tr><td><strong>Renouvellement :<\/strong><\/td><td class=\"has-text-align-left\" data-align=\"left\">Son ancien passeport, (original + photocopie de la page relative \u00e0 l\u2019identit\u00e9) et sa carte d\u2019identit\u00e9 si son passeport est p\u00e9rim\u00e9 depuis plus de 5 ans. <br>Le passeport vous sera rendu mais vous devrez imp\u00e9rativement le restituer lors du retrait du nouveau.<\/td><td>Votre ancien passeport (original + photocopie de la page relative \u00e0 l\u2019identit\u00e9), et votre carte d\u2019identit\u00e9 si votre passeport est p\u00e9rim\u00e9 depuis plus de 2 ans (plus de 5 ans pour les passeports s\u00e9curis\u00e9s).&nbsp;<br>Le passeport vous sera rendu, mais vous devrez imp\u00e9rativement le restituer lors du retrait du nouveau.<\/td><\/tr><tr><td rowspan=\"5\"><strong>Dans tous les cas<\/strong> :<\/td><td class=\"has-text-align-left\" data-align=\"left\" colspan=\"2\">Remplir le formulaire de demande, disponible sur le&nbsp;<a href=\"https:\/\/passeport.ants.gouv.fr\/Vos-demarches\/Realiser-une-pre-demande-de-passeport\" target=\"_blank\" rel=\"noreferrer noopener\">site de l\u2019Agence Nationale des Titres S\u00e9curis\u00e9s<\/a>&nbsp;(inscription n\u00e9cessaire) ou en format papier \u00e0 la mairie.<\/td><\/tr><tr><td colspan=\"2\">1 photo d\u2019identit\u00e9 couleur&nbsp;de moins de 3&nbsp;mois,&nbsp;il est recommand\u00e9e de la r\u00e9aliser chez un photographe agr\u00e9\u00e9 (photos num\u00e9riques personnelles non accept\u00e9es).<\/td><\/tr><tr><td>Timbres fiscaux :<br>42 \u20ac si l\u2019enfant a 15 ans et plus <br>17 \u20ac si l\u2019enfant a moins de 15 ans<br><br>Les timbres sont disponibles sur&nbsp;<a href=\"https:\/\/timbres.impots.gouv.fr\/\" target=\"_blank\" rel=\"noreferrer noopener\">ce site<\/a>&nbsp;(valides durant 6 mois \u00e0 compter de l\u2019achat), dans certains bureaux de tabac et au Centre des Finances Publiques.<\/td><td class=\"has-text-align-left\" data-align=\"left\">86 \u20ac en timbres fiscaux.&nbsp;<br><br>Les timbres sont disponibles sur&nbsp;<a href=\"https:\/\/timbres.impots.gouv.fr\/\" target=\"_blank\" rel=\"noreferrer noopener\">ce site<\/a>&nbsp;(valides durant 6 mois \u00e0 compter de l\u2019achat), dans certains bureaux de tabac et au Centre des Finances Publiques.<\/td><\/tr><tr><td>La pi\u00e8ce d\u2019identit\u00e9 originale, en cours de validit\u00e9 du parent d\u00e9posant le dossier&nbsp;(carte d\u2019identit\u00e9, passeport ou titre de s\u00e9jour). Pour un&nbsp;enfant de parents non mari\u00e9s, seul un parent qui a reconnu l\u2019enfant moins d\u2019un an apr\u00e8s sa naissance peut d\u00e9poser une demande de passeport pour l\u2019enfant, sauf pr\u00e9sentation d\u2019une d\u00e9claration conjointe d\u2019autorit\u00e9 parentale.<\/td><td class=\"has-text-align-left\" data-align=\"left\"><\/td><\/tr><tr><td colspan=\"2\">1 justificatif de domicile&nbsp;de moins de 3 mois&nbsp;\u00e0 vos noms et pr\u00e9noms (facture d\u2019eau, d\u2019\u00e9lectricit\u00e9, de gaz ou de t\u00e9l\u00e9phone fixe ou mobile,&nbsp;avis d\u2019imposition ou de non-imposition sur les revenus ou sur l\u2019habitation). <br>Si vous \u00eates h\u00e9berg\u00e9(e) chez quelqu\u2019un&nbsp;OU&nbsp;si vous \u00eates majeur(e) et que vous habitez chez vos parents, fournir un justificatif au nom de l\u2019h\u00e9bergeant, l\u2019original&nbsp;de sa pi\u00e8ce d\u2019identit\u00e9 et une attestation sur l\u2019honneur dat\u00e9e et sign\u00e9e par celui-ci mentionnant son adresse et indiquant que vous r\u00e9sidez depuis plus de trois mois \u00e0 son domicile.<\/td><\/tr><\/tbody><\/table><\/figure>\n","protected":false},"excerpt":{"rendered":"<p>Depuis la mise en place du passeport biom\u00e9trique, vous ne pouvez plus effectuer vos d\u00e9marches aupr\u00e8s de la mairie de Sac\u00e9 mais dans l\u2019une des communes de cette carte : [&hellip;]<\/p>\n","protected":false},"author":1,"featured_media":0,"parent":296,"menu_order":0,"comment_status":"closed","ping_status":"closed","template":"","meta":{"_EventAllDay":false,"_EventTimezone":"","_EventStartDate":"","_EventEndDate":"","_EventStartDateUTC":"","_EventEndDateUTC":"","_EventShowMap":false,"_EventShowMapLink":false,"_EventURL":"","_EventCost":"","_EventCostDescription":"","_EventCurrencySymbol":"","_EventCurrencyCode":"","_EventCurrencyPosition":"","_EventDateTimeSeparator":"","_EventTimeRangeSeparator":"","_EventOrganizerID":[],"_EventVenueID":[],"_OrganizerEmail":"","_OrganizerPhone":"","_OrganizerWebsite":"","_VenueAddress":"","_VenueCity":"","_VenueCountry":"","_VenueProvince":"","_VenueState":"","_VenueZip":"","_VenuePhone":"","_VenueURL":"","_VenueStateProvince":"","_VenueLat":"","_VenueLng":"","_VenueShowMap":false,"_VenueShowMapLink":false,"footnotes":""},"class_list":["post-322","page","type-page","status-publish","hentry"],"_links":{"self":[{"href":"https:\/\/www.sace.fr\/index.php\/wp-json\/wp\/v2\/pages\/322","targetHints":{"allow":["GET"]}}],"collection":[{"href":"https:\/\/www.sace.fr\/index.php\/wp-json\/wp\/v2\/pages"}],"about":[{"href":"https:\/\/www.sace.fr\/index.php\/wp-json\/wp\/v2\/types\/page"}],"author":[{"embeddable":true,"href":"https:\/\/www.sace.fr\/index.php\/wp-json\/wp\/v2\/users\/1"}],"replies":[{"embeddable":true,"href":"https:\/\/www.sace.fr\/index.php\/wp-json\/wp\/v2\/comments?post=322"}],"version-history":[{"count":11,"href":"https:\/\/www.sace.fr\/index.php\/wp-json\/wp\/v2\/pages\/322\/revisions"}],"predecessor-version":[{"id":900,"href":"https:\/\/www.sace.fr\/index.php\/wp-json\/wp\/v2\/pages\/322\/revisions\/900"}],"up":[{"embeddable":true,"href":"https:\/\/www.sace.fr\/index.php\/wp-json\/wp\/v2\/pages\/296"}],"wp:attachment":[{"href":"https:\/\/www.sace.fr\/index.php\/wp-json\/wp\/v2\/media?parent=322"}],"curies":[{"name":"wp","href":"https:\/\/api.w.org\/{rel}","templated":true}]}}

<p>Depuis la mise en place du passeport biométrique, vous ne pouvez plus effectuer vos démarches auprès de la mairie de Sacé mais dans l’une des communes de cette carte :</p>



<figure class="wp-block-image alignwide size-large"><img loading="lazy" decoding="async" width="724" height="1024" src="https://www.sace.fr/wp-content/uploads/2025/11/2024-01-31_DDT_cartographie_38_communes_Dispositif-de-recueil_page-0001-724x1024.jpg" alt="" class="wp-image-881" srcset="https://www.sace.fr/wp-content/uploads/2025/11/2024-01-31_DDT_cartographie_38_communes_Dispositif-de-recueil_page-0001-724x1024.jpg 724w, https://www.sace.fr/wp-content/uploads/2025/11/2024-01-31_DDT_cartographie_38_communes_Dispositif-de-recueil_page-0001-212x300.jpg 212w, https://www.sace.fr/wp-content/uploads/2025/11/2024-01-31_DDT_cartographie_38_communes_Dispositif-de-recueil_page-0001-768x1087.jpg 768w, https://www.sace.fr/wp-content/uploads/2025/11/2024-01-31_DDT_cartographie_38_communes_Dispositif-de-recueil_page-0001-1085x1536.jpg 1085w, https://www.sace.fr/wp-content/uploads/2025/11/2024-01-31_DDT_cartographie_38_communes_Dispositif-de-recueil_page-0001.jpg 1240w" sizes="auto, (max-width: 724px) 100vw, 724px" /></figure>



<p><strong>ATTENTION AUX DELAIS !</strong> Le délai pour obtenir son passeport à partir du dépôt&nbsp;d’un dossier complet est&nbsp;de 2 mois maximum. Aussi, afin d’éviter toute déconvenue, nous vous recommandons de ne réserver votre voyage qu’une fois votre passeport en main.</p>



<p>Enfin avant de partir à l’étranger, renseignez-vous sur les modalités d’entrée et de séjour auprès du&nbsp;<a href="https://www.diplomatie.gouv.fr/fr/le-ministere-et-son-reseau/annuaires-et-adresses-du-ministere-de-l-europe-et-des-affaires-etrangeres-meae/ambassades-et-consulats-etrangers-en-france" target="_blank" rel="noreferrer noopener">consulat</a>&nbsp;du pays visité, auprès de la compagnie devant assurer votre transport ainsi que sur le&nbsp;<a href="https://www.diplomatie.gouv.fr/fr/conseils-aux-voyageurs" target="_blank" rel="noreferrer noopener">site du ministère des affaires étrangères</a>.</p>



<p>Pour demander un passeport,&nbsp;les pièces justificatives nécessaires&nbsp;dépendent de la situation : majeur ou mineur, première demande ou renouvellement, etc. </p>



<p>Voici le détail des pièces à fournir :</p>



<figure class="wp-block-table"><table class="has-fixed-layout"><tbody><tr><td rowspan="2"></td><td class="has-text-align-left" data-align="left"><strong>Pour un mineur :</strong></td><td><strong>Pour un majeur :</strong></td></tr><tr><td class="has-text-align-left" data-align="left">Au dépôt du dossier : présence du mineur et du titulaire de l’autorité parentale.<br>Au retrait de la carte : présence du mineur si il a plus de 12 ans, et du titulaire de l&rsquo;autorité parentale.</td><td>La&nbsp;présence du demandeur est obligatoire&nbsp;lors du dépôt du dossier et lors du retrait du passeport.</td></tr><tr><td rowspan="2"><strong>Premier passeport :</strong></td><td class="has-text-align-left" data-align="left"></td><td>Un document officiel avec photo ( carte d’identité, permis de conduire, permis de chasser, carte professionnelle, carte Vitale 2, carte d’étudiant…) –&nbsp;original + photocopie</td></tr><tr><td class="has-text-align-left" data-align="left" colspan="2">un extrait d’acte de naissance&nbsp;à jour, datant de moins de 3 mois,&nbsp;comportant les&nbsp;date et lieu de naissance de vos parents&nbsp;à demander par courrier à la mairie de votre lieu de naissance ou par&nbsp;<a href="https://www.service-public.fr/particuliers/vosdroits/F1427" target="_blank" rel="noreferrer noopener">internet</a>.</td></tr><tr><td><strong>Renouvellement :</strong></td><td class="has-text-align-left" data-align="left">Son ancien passeport, (original + photocopie de la page relative à l’identité) et sa carte d’identité si son passeport est périmé depuis plus de 5 ans. <br>Le passeport vous sera rendu mais vous devrez impérativement le restituer lors du retrait du nouveau.</td><td>Votre ancien passeport (original + photocopie de la page relative à l’identité), et votre carte d’identité si votre passeport est périmé depuis plus de 2 ans (plus de 5 ans pour les passeports sécurisés).&nbsp;<br>Le passeport vous sera rendu, mais vous devrez impérativement le restituer lors du retrait du nouveau.</td></tr><tr><td rowspan="5"><strong>Dans tous les cas</strong> :</td><td class="has-text-align-left" data-align="left" colspan="2">Remplir le formulaire de demande, disponible sur le&nbsp;<a href="https://passeport.ants.gouv.fr/Vos-demarches/Realiser-une-pre-demande-de-passeport" target="_blank" rel="noreferrer noopener">site de l’Agence Nationale des Titres Sécurisés</a>&nbsp;(inscription nécessaire) ou en format papier à la mairie.</td></tr><tr><td colspan="2">1 photo d’identité couleur&nbsp;de moins de 3&nbsp;mois,&nbsp;il est recommandée de la réaliser chez un photographe agréé (photos numériques personnelles non acceptées).</td></tr><tr><td>Timbres fiscaux :<br>42 € si l’enfant a 15 ans et plus <br>17 € si l’enfant a moins de 15 ans<br><br>Les timbres sont disponibles sur&nbsp;<a href="https://timbres.impots.gouv.fr/" target="_blank" rel="noreferrer noopener">ce site</a>&nbsp;(valides durant 6 mois à compter de l’achat), dans certains bureaux de tabac et au Centre des Finances Publiques.</td><td class="has-text-align-left" data-align="left">86 € en timbres fiscaux.&nbsp;<br><br>Les timbres sont disponibles sur&nbsp;<a href="https://timbres.impots.gouv.fr/" target="_blank" rel="noreferrer noopener">ce site</a>&nbsp;(valides durant 6 mois à compter de l’achat), dans certains bureaux de tabac et au Centre des Finances Publiques.</td></tr><tr><td>La pièce d’identité originale, en cours de validité du parent déposant le dossier&nbsp;(carte d’identité, passeport ou titre de séjour). Pour un&nbsp;enfant de parents non mariés, seul un parent qui a reconnu l’enfant moins d’un an après sa naissance peut déposer une demande de passeport pour l’enfant, sauf présentation d’une déclaration conjointe d’autorité parentale.</td><td class="has-text-align-left" data-align="left"></td></tr><tr><td colspan="2">1 justificatif de domicile&nbsp;de moins de 3 mois&nbsp;à vos noms et prénoms (facture d’eau, d’électricité, de gaz ou de téléphone fixe ou mobile,&nbsp;avis d’imposition ou de non-imposition sur les revenus ou sur l’habitation). <br>Si vous êtes hébergé(e) chez quelqu’un&nbsp;OU&nbsp;si vous êtes majeur(e) et que vous habitez chez vos parents, fournir un justificatif au nom de l’hébergeant, l’original&nbsp;de sa pièce d’identité et une attestation sur l’honneur datée et signée par celui-ci mentionnant son adresse et indiquant que vous résidez depuis plus de trois mois à son domicile.</td></tr></tbody></table></figure>

<p>Depuis la mise en place du passeport biométrique, vous ne pouvez plus effectuer vos démarches auprès de la mairie de Sacé mais dans l’une des communes de cette carte : [&hellip;]</p>
