{"id":335,"date":"2024-03-27T10:35:56","date_gmt":"2024-03-27T09:35:56","guid":{"rendered":"https:\/\/www.sace.fr\/?page_id=335"},"modified":"2025-11-26T17:07:07","modified_gmt":"2025-11-26T16:07:07","slug":"salle-communale","status":"publish","type":"page","link":"https:\/\/www.sace.fr\/index.php\/en-pratique\/vie-quotidienne\/salle-communale\/","title":{"rendered":"Salle Communale"},"content":{"rendered":"\n<div class=\"wp-block-group is-nowrap is-layout-flex wp-container-core-group-is-layout-6c531013 wp-block-group-is-layout-flex\">\n<p>Construite par les habitants en 1984\/1985, la salle communale a \u00e9t\u00e9 totalement r\u00e9nov\u00e9e et agrandie en 2024. Elle permet d\u00e9sormais d&rsquo;accueillir jusqu&rsquo;\u00e0 190 personnes assises, sa configuration est id\u00e9ale pour des f\u00eates de famille, des anniversaires, des mariages, etc. Un jardin ext\u00e9rieur est \u00e0 disposition, il est cl\u00f4tur\u00e9 pour profiter en toute s\u00e9curit\u00e9 m\u00eame avec des jeunes enfants.<\/p>\n<\/div>\n\n\n\n<figure class=\"wp-block-gallery has-nested-images columns-default is-cropped wp-block-gallery-1 is-layout-flex wp-block-gallery-is-layout-flex\">\n<figure class=\"wp-block-image size-large\"><img loading=\"lazy\" decoding=\"async\" width=\"1024\" height=\"768\" data-id=\"910\" src=\"https:\/\/www.sace.fr\/wp-content\/uploads\/2025\/11\/20241026_1524031-1024x768.jpg\" alt=\"\" class=\"wp-image-910\" srcset=\"https:\/\/www.sace.fr\/wp-content\/uploads\/2025\/11\/20241026_1524031-1024x768.jpg 1024w, https:\/\/www.sace.fr\/wp-content\/uploads\/2025\/11\/20241026_1524031-300x225.jpg 300w, https:\/\/www.sace.fr\/wp-content\/uploads\/2025\/11\/20241026_1524031-768x576.jpg 768w, https:\/\/www.sace.fr\/wp-content\/uploads\/2025\/11\/20241026_1524031-1536x1152.jpg 1536w, https:\/\/www.sace.fr\/wp-content\/uploads\/2025\/11\/20241026_1524031-2048x1536.jpg 2048w\" sizes=\"auto, (max-width: 1024px) 100vw, 1024px\" \/><\/figure>\n\n\n\n<figure class=\"wp-block-image size-large\"><img loading=\"lazy\" decoding=\"async\" width=\"1024\" height=\"768\" data-id=\"911\" src=\"https:\/\/www.sace.fr\/wp-content\/uploads\/2025\/11\/20241026_1826371-1024x768.jpg\" alt=\"\" class=\"wp-image-911\" srcset=\"https:\/\/www.sace.fr\/wp-content\/uploads\/2025\/11\/20241026_1826371-1024x768.jpg 1024w, https:\/\/www.sace.fr\/wp-content\/uploads\/2025\/11\/20241026_1826371-300x225.jpg 300w, https:\/\/www.sace.fr\/wp-content\/uploads\/2025\/11\/20241026_1826371-768x576.jpg 768w, https:\/\/www.sace.fr\/wp-content\/uploads\/2025\/11\/20241026_1826371-1536x1152.jpg 1536w, https:\/\/www.sace.fr\/wp-content\/uploads\/2025\/11\/20241026_1826371-2048x1536.jpg 2048w\" sizes=\"auto, (max-width: 1024px) 100vw, 1024px\" \/><\/figure>\n\n\n\n<figure class=\"wp-block-image size-large\"><img loading=\"lazy\" decoding=\"async\" width=\"1024\" height=\"768\" data-id=\"909\" src=\"https:\/\/www.sace.fr\/wp-content\/uploads\/2025\/11\/IMG-20250526-WA0132-1-1024x768.jpg\" alt=\"\" class=\"wp-image-909\" srcset=\"https:\/\/www.sace.fr\/wp-content\/uploads\/2025\/11\/IMG-20250526-WA0132-1-1024x768.jpg 1024w, https:\/\/www.sace.fr\/wp-content\/uploads\/2025\/11\/IMG-20250526-WA0132-1-300x225.jpg 300w, https:\/\/www.sace.fr\/wp-content\/uploads\/2025\/11\/IMG-20250526-WA0132-1-768x576.jpg 768w, https:\/\/www.sace.fr\/wp-content\/uploads\/2025\/11\/IMG-20250526-WA0132-1-1536x1152.jpg 1536w, https:\/\/www.sace.fr\/wp-content\/uploads\/2025\/11\/IMG-20250526-WA0132-1.jpg 1600w\" sizes=\"auto, (max-width: 1024px) 100vw, 1024px\" \/><\/figure>\n\n\n\n<figure class=\"wp-block-image size-large\"><img loading=\"lazy\" decoding=\"async\" width=\"1024\" height=\"768\" data-id=\"908\" src=\"https:\/\/www.sace.fr\/wp-content\/uploads\/2025\/11\/photo_1-1-1024x768.jpeg\" alt=\"\" class=\"wp-image-908\" srcset=\"https:\/\/www.sace.fr\/wp-content\/uploads\/2025\/11\/photo_1-1-1024x768.jpeg 1024w, https:\/\/www.sace.fr\/wp-content\/uploads\/2025\/11\/photo_1-1-300x225.jpeg 300w, https:\/\/www.sace.fr\/wp-content\/uploads\/2025\/11\/photo_1-1-768x576.jpeg 768w, https:\/\/www.sace.fr\/wp-content\/uploads\/2025\/11\/photo_1-1-1536x1152.jpeg 1536w, https:\/\/www.sace.fr\/wp-content\/uploads\/2025\/11\/photo_1-1.jpeg 2000w\" sizes=\"auto, (max-width: 1024px) 100vw, 1024px\" \/><\/figure>\n<\/figure>\n\n\n\n<div class=\"wp-block-group is-nowrap is-layout-flex wp-container-core-group-is-layout-6c531013 wp-block-group-is-layout-flex\">\n<p>La salle dispose d&rsquo;une cuisine totalement \u00e9quip\u00e9e (four vapeur, plaques, lave-vaisselle de collectivit\u00e9), d&rsquo;une petite pi\u00e8ce qui peut servir de dortoir ou de salle de jeu pour les enfants, d&rsquo;un vaste hall d&rsquo;accueil, etc. A l&rsquo;ext\u00e9rieur, des prises \u00e9lectriques \u00e0 chaque coin de la salle permettent de brancher des remorques frigorifiques, des planchas ou barbecue \u00e9lectriques, etc.<\/p>\n<\/div>\n\n\n\n<p>C\u00f4t\u00e9 int\u00e9rieur, la salle dispose d&rsquo;un vaste \u00e9cran amovible et d&rsquo;un vid\u00e9o-projecteur, ainsi que d&rsquo;une sonorisation sur laquelle vous pourrez connecter un ordinateur, une sono par une prise jack ou une prise professionnelle, et m\u00eame directement un smartphone en Bluetooth. <\/p>\n\n\n\n<p>La salle est chauff\u00e9e par un r\u00e9seau de chaleur g\u00e9othermique qui part de l&rsquo;\u00e9cole voisine, le chauffage est donc inclus dans la location en hiver. Aux beaux jours les panneaux photovolta\u00efques permettent de couvrir la consommation \u00e9lectrique en journ\u00e9e.<\/p>\n\n\n\n<p>La salle est disponible \u00e0 la location le week-end, du samedi matin au dimanche soir. Selon les besoins du club de tennis de table Sac\u00e9-Martign\u00e9, la remise des cl\u00e9s peut parfois \u00eatre propos\u00e9e d\u00e8s le vendredi 19h. Un acompte de 50% de la location est \u00e0 r\u00e9gler \u00e0 la r\u00e9servation, les cautions de 200 \u20ac en cas de m\u00e9nage insuffisant et de 1000 \u20ac en cas de d\u00e9gradation sont restitu\u00e9es apr\u00e8s la location et le paiement du solde.<\/p>\n\n\n\n<figure class=\"wp-block-image aligncenter size-large\"><img loading=\"lazy\" decoding=\"async\" width=\"724\" height=\"1024\" src=\"https:\/\/www.sace.fr\/wp-content\/uploads\/2025\/11\/Tarifs2026_Salle_Communale_Sace_DELIB_2025-V1_page-0001-724x1024.jpg\" alt=\"\" class=\"wp-image-869\" srcset=\"https:\/\/www.sace.fr\/wp-content\/uploads\/2025\/11\/Tarifs2026_Salle_Communale_Sace_DELIB_2025-V1_page-0001-724x1024.jpg 724w, https:\/\/www.sace.fr\/wp-content\/uploads\/2025\/11\/Tarifs2026_Salle_Communale_Sace_DELIB_2025-V1_page-0001-212x300.jpg 212w, https:\/\/www.sace.fr\/wp-content\/uploads\/2025\/11\/Tarifs2026_Salle_Communale_Sace_DELIB_2025-V1_page-0001-768x1086.jpg 768w, https:\/\/www.sace.fr\/wp-content\/uploads\/2025\/11\/Tarifs2026_Salle_Communale_Sace_DELIB_2025-V1_page-0001-1086x1536.jpg 1086w, https:\/\/www.sace.fr\/wp-content\/uploads\/2025\/11\/Tarifs2026_Salle_Communale_Sace_DELIB_2025-V1_page-0001.jpg 1241w\" sizes=\"auto, (max-width: 724px) 100vw, 724px\" \/><\/figure>\n","protected":false},"excerpt":{"rendered":"<p>Construite par les habitants en 1984\/1985, la salle communale a \u00e9t\u00e9 totalement r\u00e9nov\u00e9e et agrandie en 2024. Elle permet d\u00e9sormais d&rsquo;accueillir jusqu&rsquo;\u00e0 190 personnes assises, sa configuration est id\u00e9ale pour [&hellip;]<\/p>\n","protected":false},"author":1,"featured_media":0,"parent":333,"menu_order":0,"comment_status":"closed","ping_status":"closed","template":"","meta":{"_EventAllDay":false,"_EventTimezone":"","_EventStartDate":"","_EventEndDate":"","_EventStartDateUTC":"","_EventEndDateUTC":"","_EventShowMap":false,"_EventShowMapLink":false,"_EventURL":"","_EventCost":"","_EventCostDescription":"","_EventCurrencySymbol":"","_EventCurrencyCode":"","_EventCurrencyPosition":"","_EventDateTimeSeparator":"","_EventTimeRangeSeparator":"","_EventOrganizerID":[],"_EventVenueID":[],"_OrganizerEmail":"","_OrganizerPhone":"","_OrganizerWebsite":"","_VenueAddress":"","_VenueCity":"","_VenueCountry":"","_VenueProvince":"","_VenueState":"","_VenueZip":"","_VenuePhone":"","_VenueURL":"","_VenueStateProvince":"","_VenueLat":"","_VenueLng":"","_VenueShowMap":false,"_VenueShowMapLink":false,"footnotes":""},"class_list":["post-335","page","type-page","status-publish","hentry"],"_links":{"self":[{"href":"https:\/\/www.sace.fr\/index.php\/wp-json\/wp\/v2\/pages\/335","targetHints":{"allow":["GET"]}}],"collection":[{"href":"https:\/\/www.sace.fr\/index.php\/wp-json\/wp\/v2\/pages"}],"about":[{"href":"https:\/\/www.sace.fr\/index.php\/wp-json\/wp\/v2\/types\/page"}],"author":[{"embeddable":true,"href":"https:\/\/www.sace.fr\/index.php\/wp-json\/wp\/v2\/users\/1"}],"replies":[{"embeddable":true,"href":"https:\/\/www.sace.fr\/index.php\/wp-json\/wp\/v2\/comments?post=335"}],"version-history":[{"count":3,"href":"https:\/\/www.sace.fr\/index.php\/wp-json\/wp\/v2\/pages\/335\/revisions"}],"predecessor-version":[{"id":912,"href":"https:\/\/www.sace.fr\/index.php\/wp-json\/wp\/v2\/pages\/335\/revisions\/912"}],"up":[{"embeddable":true,"href":"https:\/\/www.sace.fr\/index.php\/wp-json\/wp\/v2\/pages\/333"}],"wp:attachment":[{"href":"https:\/\/www.sace.fr\/index.php\/wp-json\/wp\/v2\/media?parent=335"}],"curies":[{"name":"wp","href":"https:\/\/api.w.org\/{rel}","templated":true}]}}

<div class="wp-block-group is-nowrap is-layout-flex wp-container-core-group-is-layout-6c531013 wp-block-group-is-layout-flex">
<p>Construite par les habitants en 1984/1985, la salle communale a été totalement rénovée et agrandie en 2024. Elle permet désormais d&rsquo;accueillir jusqu&rsquo;à 190 personnes assises, sa configuration est idéale pour des fêtes de famille, des anniversaires, des mariages, etc. Un jardin extérieur est à disposition, il est clôturé pour profiter en toute sécurité même avec des jeunes enfants.</p>
</div>



<figure class="wp-block-gallery has-nested-images columns-default is-cropped wp-block-gallery-1 is-layout-flex wp-block-gallery-is-layout-flex">
<figure class="wp-block-image size-large"><img loading="lazy" decoding="async" width="1024" height="768" data-id="910" src="https://www.sace.fr/wp-content/uploads/2025/11/20241026_1524031-1024x768.jpg" alt="" class="wp-image-910" srcset="https://www.sace.fr/wp-content/uploads/2025/11/20241026_1524031-1024x768.jpg 1024w, https://www.sace.fr/wp-content/uploads/2025/11/20241026_1524031-300x225.jpg 300w, https://www.sace.fr/wp-content/uploads/2025/11/20241026_1524031-768x576.jpg 768w, https://www.sace.fr/wp-content/uploads/2025/11/20241026_1524031-1536x1152.jpg 1536w, https://www.sace.fr/wp-content/uploads/2025/11/20241026_1524031-2048x1536.jpg 2048w" sizes="auto, (max-width: 1024px) 100vw, 1024px" /></figure>



<figure class="wp-block-image size-large"><img loading="lazy" decoding="async" width="1024" height="768" data-id="911" src="https://www.sace.fr/wp-content/uploads/2025/11/20241026_1826371-1024x768.jpg" alt="" class="wp-image-911" srcset="https://www.sace.fr/wp-content/uploads/2025/11/20241026_1826371-1024x768.jpg 1024w, https://www.sace.fr/wp-content/uploads/2025/11/20241026_1826371-300x225.jpg 300w, https://www.sace.fr/wp-content/uploads/2025/11/20241026_1826371-768x576.jpg 768w, https://www.sace.fr/wp-content/uploads/2025/11/20241026_1826371-1536x1152.jpg 1536w, https://www.sace.fr/wp-content/uploads/2025/11/20241026_1826371-2048x1536.jpg 2048w" sizes="auto, (max-width: 1024px) 100vw, 1024px" /></figure>



<figure class="wp-block-image size-large"><img loading="lazy" decoding="async" width="1024" height="768" data-id="909" src="https://www.sace.fr/wp-content/uploads/2025/11/IMG-20250526-WA0132-1-1024x768.jpg" alt="" class="wp-image-909" srcset="https://www.sace.fr/wp-content/uploads/2025/11/IMG-20250526-WA0132-1-1024x768.jpg 1024w, https://www.sace.fr/wp-content/uploads/2025/11/IMG-20250526-WA0132-1-300x225.jpg 300w, https://www.sace.fr/wp-content/uploads/2025/11/IMG-20250526-WA0132-1-768x576.jpg 768w, https://www.sace.fr/wp-content/uploads/2025/11/IMG-20250526-WA0132-1-1536x1152.jpg 1536w, https://www.sace.fr/wp-content/uploads/2025/11/IMG-20250526-WA0132-1.jpg 1600w" sizes="auto, (max-width: 1024px) 100vw, 1024px" /></figure>



<figure class="wp-block-image size-large"><img loading="lazy" decoding="async" width="1024" height="768" data-id="908" src="https://www.sace.fr/wp-content/uploads/2025/11/photo_1-1-1024x768.jpeg" alt="" class="wp-image-908" srcset="https://www.sace.fr/wp-content/uploads/2025/11/photo_1-1-1024x768.jpeg 1024w, https://www.sace.fr/wp-content/uploads/2025/11/photo_1-1-300x225.jpeg 300w, https://www.sace.fr/wp-content/uploads/2025/11/photo_1-1-768x576.jpeg 768w, https://www.sace.fr/wp-content/uploads/2025/11/photo_1-1-1536x1152.jpeg 1536w, https://www.sace.fr/wp-content/uploads/2025/11/photo_1-1.jpeg 2000w" sizes="auto, (max-width: 1024px) 100vw, 1024px" /></figure>
</figure>



<div class="wp-block-group is-nowrap is-layout-flex wp-container-core-group-is-layout-6c531013 wp-block-group-is-layout-flex">
<p>La salle dispose d&rsquo;une cuisine totalement équipée (four vapeur, plaques, lave-vaisselle de collectivité), d&rsquo;une petite pièce qui peut servir de dortoir ou de salle de jeu pour les enfants, d&rsquo;un vaste hall d&rsquo;accueil, etc. A l&rsquo;extérieur, des prises électriques à chaque coin de la salle permettent de brancher des remorques frigorifiques, des planchas ou barbecue électriques, etc.</p>
</div>



<p>Côté intérieur, la salle dispose d&rsquo;un vaste écran amovible et d&rsquo;un vidéo-projecteur, ainsi que d&rsquo;une sonorisation sur laquelle vous pourrez connecter un ordinateur, une sono par une prise jack ou une prise professionnelle, et même directement un smartphone en Bluetooth. </p>



<p>La salle est chauffée par un réseau de chaleur géothermique qui part de l&rsquo;école voisine, le chauffage est donc inclus dans la location en hiver. Aux beaux jours les panneaux photovoltaïques permettent de couvrir la consommation électrique en journée.</p>



<p>La salle est disponible à la location le week-end, du samedi matin au dimanche soir. Selon les besoins du club de tennis de table Sacé-Martigné, la remise des clés peut parfois être proposée dès le vendredi 19h. Un acompte de 50% de la location est à régler à la réservation, les cautions de 200 € en cas de ménage insuffisant et de 1000 € en cas de dégradation sont restituées après la location et le paiement du solde.</p>



<figure class="wp-block-image aligncenter size-large"><img loading="lazy" decoding="async" width="724" height="1024" src="https://www.sace.fr/wp-content/uploads/2025/11/Tarifs2026_Salle_Communale_Sace_DELIB_2025-V1_page-0001-724x1024.jpg" alt="" class="wp-image-869" srcset="https://www.sace.fr/wp-content/uploads/2025/11/Tarifs2026_Salle_Communale_Sace_DELIB_2025-V1_page-0001-724x1024.jpg 724w, https://www.sace.fr/wp-content/uploads/2025/11/Tarifs2026_Salle_Communale_Sace_DELIB_2025-V1_page-0001-212x300.jpg 212w, https://www.sace.fr/wp-content/uploads/2025/11/Tarifs2026_Salle_Communale_Sace_DELIB_2025-V1_page-0001-768x1086.jpg 768w, https://www.sace.fr/wp-content/uploads/2025/11/Tarifs2026_Salle_Communale_Sace_DELIB_2025-V1_page-0001-1086x1536.jpg 1086w, https://www.sace.fr/wp-content/uploads/2025/11/Tarifs2026_Salle_Communale_Sace_DELIB_2025-V1_page-0001.jpg 1241w" sizes="auto, (max-width: 724px) 100vw, 724px" /></figure>

<p>Construite par les habitants en 1984/1985, la salle communale a été totalement rénovée et agrandie en 2024. Elle permet désormais d&rsquo;accueillir jusqu&rsquo;à 190 personnes assises, sa configuration est idéale pour [&hellip;]</p>
