{"id":343,"date":"2024-03-27T10:48:22","date_gmt":"2024-03-27T09:48:22","guid":{"rendered":"https:\/\/www.sace.fr\/?page_id=343"},"modified":"2025-11-27T10:14:16","modified_gmt":"2025-11-27T09:14:16","slug":"ordure-menageres","status":"publish","type":"page","link":"https:\/\/www.sace.fr\/index.php\/en-pratique\/vie-quotidienne\/ordure-menageres\/","title":{"rendered":"Ordures m\u00e9nag\u00e8res"},"content":{"rendered":"\n<figure class=\"wp-block-image aligncenter size-large\"><img loading=\"lazy\" decoding=\"async\" width=\"1024\" height=\"724\" src=\"https:\/\/www.sace.fr\/wp-content\/uploads\/2024\/03\/Affiche-consignes-de-tri-Paysage-1024x724.jpg\" alt=\"\" class=\"wp-image-344\" srcset=\"https:\/\/www.sace.fr\/wp-content\/uploads\/2024\/03\/Affiche-consignes-de-tri-Paysage-1024x724.jpg 1024w, https:\/\/www.sace.fr\/wp-content\/uploads\/2024\/03\/Affiche-consignes-de-tri-Paysage-300x212.jpg 300w, https:\/\/www.sace.fr\/wp-content\/uploads\/2024\/03\/Affiche-consignes-de-tri-Paysage-768x543.jpg 768w, https:\/\/www.sace.fr\/wp-content\/uploads\/2024\/03\/Affiche-consignes-de-tri-Paysage-1536x1086.jpg 1536w, https:\/\/www.sace.fr\/wp-content\/uploads\/2024\/03\/Affiche-consignes-de-tri-Paysage.jpg 1754w\" sizes=\"auto, (max-width: 1024px) 100vw, 1024px\" \/><\/figure>\n\n\n\n<figure class=\"wp-block-image aligncenter size-full\"><img loading=\"lazy\" decoding=\"async\" width=\"595\" height=\"842\" src=\"https:\/\/www.sace.fr\/wp-content\/uploads\/2024\/03\/Memo-tri-Version-WEB-1.jpg\" alt=\"\" class=\"wp-image-345\" srcset=\"https:\/\/www.sace.fr\/wp-content\/uploads\/2024\/03\/Memo-tri-Version-WEB-1.jpg 595w, https:\/\/www.sace.fr\/wp-content\/uploads\/2024\/03\/Memo-tri-Version-WEB-1-212x300.jpg 212w\" sizes=\"auto, (max-width: 595px) 100vw, 595px\" \/><\/figure>\n\n\n\n<h4 class=\"wp-block-heading\">D\u00e8s le 1er octobre 2021, les consignes de tri s\u00e9lectif \u00e9voluent : tous les emballages plastiques deviennent recyclables !<\/h4>\n\n\n\n<p>Depuis 2014, Mayenne Communaut\u00e9 facture les ordures m\u00e9nag\u00e8res selon la redevance incitative (on paye selon son volume r\u00e9el de d\u00e9chets). A Sac\u00e9 les ordures sont \u00e0 d\u00e9poser dans des colonnes semi-enterr\u00e9es situ\u00e9es :<br>\u2013 parking de la salle communale<br>\u2013 lotissement le Grand Champ II<br>\u2013 parking face au bar asssociatif<br>\u2013 Le Port (route de Montgiroux)<br>\u2013 Route de Montflours<br>\u2013 Les Daumeries (route de Sac\u00e9 Automobiles)<br>\u2013 La Gaudini\u00e8re (avant le passage sous la 4 voies).<br>Pour pouvoir utiliser ces colonnes, vous devez \u00eatre muni d\u2019un badge magn\u00e9tique (\u00e0 demander \u00e0 la mairie de Sac\u00e9).<\/p>\n\n\n\n<h4 class=\"wp-block-heading\">Le d\u00e9p\u00f4t des sacs est INTERDIT au pied des colonnes semi-enterr\u00e9es, et fera l\u2019objet d\u2019une amende pour d\u00e9p\u00f4t sauvage.<\/h4>\n\n\n\n<p>Voici la grille tarifaire des ordures m\u00e9nag\u00e8res pour l\u2019ann\u00e9e 2025 :<br>Abonnement annuel :\u00a098,64\u00a0\u20ac<br>Ouverture de la colonne :\u00a02,94 \u20ac\/ouverture<br>Nombre de d\u00e9p\u00f4ts minimum factur\u00e9s dans l\u2019ann\u00e9e :\u00a018 (6 pour les r\u00e9sidences secondaires)<\/p>\n","protected":false},"excerpt":{"rendered":"<p>D\u00e8s le 1er octobre 2021, les consignes de tri s\u00e9lectif \u00e9voluent : tous les emballages plastiques deviennent recyclables ! Depuis 2014, Mayenne Communaut\u00e9 facture les ordures m\u00e9nag\u00e8res selon la redevance [&hellip;]<\/p>\n","protected":false},"author":1,"featured_media":0,"parent":333,"menu_order":0,"comment_status":"closed","ping_status":"closed","template":"","meta":{"_EventAllDay":false,"_EventTimezone":"","_EventStartDate":"","_EventEndDate":"","_EventStartDateUTC":"","_EventEndDateUTC":"","_EventShowMap":false,"_EventShowMapLink":false,"_EventURL":"","_EventCost":"","_EventCostDescription":"","_EventCurrencySymbol":"","_EventCurrencyCode":"","_EventCurrencyPosition":"","_EventDateTimeSeparator":"","_EventTimeRangeSeparator":"","_EventOrganizerID":[],"_EventVenueID":[],"_OrganizerEmail":"","_OrganizerPhone":"","_OrganizerWebsite":"","_VenueAddress":"","_VenueCity":"","_VenueCountry":"","_VenueProvince":"","_VenueState":"","_VenueZip":"","_VenuePhone":"","_VenueURL":"","_VenueStateProvince":"","_VenueLat":"","_VenueLng":"","_VenueShowMap":false,"_VenueShowMapLink":false,"footnotes":""},"class_list":["post-343","page","type-page","status-publish","hentry"],"_links":{"self":[{"href":"https:\/\/www.sace.fr\/index.php\/wp-json\/wp\/v2\/pages\/343","targetHints":{"allow":["GET"]}}],"collection":[{"href":"https:\/\/www.sace.fr\/index.php\/wp-json\/wp\/v2\/pages"}],"about":[{"href":"https:\/\/www.sace.fr\/index.php\/wp-json\/wp\/v2\/types\/page"}],"author":[{"embeddable":true,"href":"https:\/\/www.sace.fr\/index.php\/wp-json\/wp\/v2\/users\/1"}],"replies":[{"embeddable":true,"href":"https:\/\/www.sace.fr\/index.php\/wp-json\/wp\/v2\/comments?post=343"}],"version-history":[{"count":4,"href":"https:\/\/www.sace.fr\/index.php\/wp-json\/wp\/v2\/pages\/343\/revisions"}],"predecessor-version":[{"id":945,"href":"https:\/\/www.sace.fr\/index.php\/wp-json\/wp\/v2\/pages\/343\/revisions\/945"}],"up":[{"embeddable":true,"href":"https:\/\/www.sace.fr\/index.php\/wp-json\/wp\/v2\/pages\/333"}],"wp:attachment":[{"href":"https:\/\/www.sace.fr\/index.php\/wp-json\/wp\/v2\/media?parent=343"}],"curies":[{"name":"wp","href":"https:\/\/api.w.org\/{rel}","templated":true}]}}

Ordures ménagères

<figure class="wp-block-image aligncenter size-large"><img loading="lazy" decoding="async" width="1024" height="724" src="https://www.sace.fr/wp-content/uploads/2024/03/Affiche-consignes-de-tri-Paysage-1024x724.jpg" alt="" class="wp-image-344" srcset="https://www.sace.fr/wp-content/uploads/2024/03/Affiche-consignes-de-tri-Paysage-1024x724.jpg 1024w, https://www.sace.fr/wp-content/uploads/2024/03/Affiche-consignes-de-tri-Paysage-300x212.jpg 300w, https://www.sace.fr/wp-content/uploads/2024/03/Affiche-consignes-de-tri-Paysage-768x543.jpg 768w, https://www.sace.fr/wp-content/uploads/2024/03/Affiche-consignes-de-tri-Paysage-1536x1086.jpg 1536w, https://www.sace.fr/wp-content/uploads/2024/03/Affiche-consignes-de-tri-Paysage.jpg 1754w" sizes="auto, (max-width: 1024px) 100vw, 1024px" /></figure>



<figure class="wp-block-image aligncenter size-full"><img loading="lazy" decoding="async" width="595" height="842" src="https://www.sace.fr/wp-content/uploads/2024/03/Memo-tri-Version-WEB-1.jpg" alt="" class="wp-image-345" srcset="https://www.sace.fr/wp-content/uploads/2024/03/Memo-tri-Version-WEB-1.jpg 595w, https://www.sace.fr/wp-content/uploads/2024/03/Memo-tri-Version-WEB-1-212x300.jpg 212w" sizes="auto, (max-width: 595px) 100vw, 595px" /></figure>



<h4 class="wp-block-heading">Dès le 1er octobre 2021, les consignes de tri sélectif évoluent : tous les emballages plastiques deviennent recyclables !</h4>



<p>Depuis 2014, Mayenne Communauté facture les ordures ménagères selon la redevance incitative (on paye selon son volume réel de déchets). A Sacé les ordures sont à déposer dans des colonnes semi-enterrées situées :<br>– parking de la salle communale<br>– lotissement le Grand Champ II<br>– parking face au bar asssociatif<br>– Le Port (route de Montgiroux)<br>– Route de Montflours<br>– Les Daumeries (route de Sacé Automobiles)<br>– La Gaudinière (avant le passage sous la 4 voies).<br>Pour pouvoir utiliser ces colonnes, vous devez être muni d’un badge magnétique (à demander à la mairie de Sacé).</p>



<h4 class="wp-block-heading">Le dépôt des sacs est INTERDIT au pied des colonnes semi-enterrées, et fera l’objet d’une amende pour dépôt sauvage.</h4>



<p>Voici la grille tarifaire des ordures ménagères pour l’année 2025 :<br>Abonnement annuel : 98,64 €<br>Ouverture de la colonne : 2,94 €/ouverture<br>Nombre de dépôts minimum facturés dans l’année : 18 (6 pour les résidences secondaires)</p>

<p>Dès le 1er octobre 2021, les consignes de tri sélectif évoluent : tous les emballages plastiques deviennent recyclables ! Depuis 2014, Mayenne Communauté facture les ordures ménagères selon la redevance [&hellip;]</p>
